t is -62 + 33?
-27
In base 8, what is 65 + -4?
61
In base 15, what is 5b - 7?
54
In base 15, what is -66e + -3?
-672
In base 9, what is -82 - 3?
-85
In base 5, what is -301 - -330?
24
In base 4, what is 31 - -112?
203
In base 2, what is -110 + 110100?
101110
In base 11, what is -9 + -13?
-21
In base 3, what is -111001122 + 2?
-111001120
In base 6, what is 333 + 4?
341
In base 2, what is -10001110 + 1?
-10001101
In base 5, what is -2 - -1002?
1000
In base 4, what is -1 - 11200?
-11201
In base 9, what is -1 + -815?
-816
In base 2, what is -1111 + 101?
-1010
In base 16, what is 4 + -57?
-53
In base 4, what is -2 - -11032?
11030
In base 3, what is -1 + 1110?
1102
In base 9, what is 18 + -37?
-18
In base 9, what is 3 + 120?
123
In base 3, what is -2 - 2210?
-2212
In base 15, what is -3 - -15e?
15b
In base 15, what is -926 + 7?
-91e
In base 3, what is 121 + -1211?
-1020
In base 14, what is -badb + 1?
-bada
In base 5, what is -10333 + 11?
-10322
In base 5, what is -1303 + -3?
-1311
In base 6, what is -4 - 1025?
-1033
In base 11, what is 1 + 163?
164
In base 10, what is -6 - -24?
18
In base 14, what is -54 - -1c?
-36
In base 7, what is 26 - -6?
35
In base 16, what is -b - -90?
85
In base 6, what is 102424 - -2?
102430
In base 7, what is -13 - 503?
-516
In base 3, what is 12 - -1120001?
1120020
In base 6, what is -1 + 22424?
22423
In base 7, what is -503 + 5?
-465
In base 5, what is 14331 - -10?
14341
In base 5, what is -3 - 30301?
-30304
In base 16, what is -4 + -47?
-4b
In base 12, what is 5 - -16?
1b
In base 7, what is 0 - 2215?
-2215
In base 9, what is -13 + -4?
-17
In base 14, what is -50 + 6?
-48
In base 4, what is -2131 + 11?
-2120
In base 6, what is -2315 + 4?
-2311
In base 12, what is -4 - 38?
-40
In base 10, what is -8340 - -5?
-8335
In base 6, what is -11 + 4?
-3
In base 13, what is -3 + -1?
-4
In base 12, what is -66 - -2?
-64
In base 3, what is -10021 - -12?
-10002
In base 15, what is -51 - 0?
-51
In base 8, what is 14 + -26?
-12
In base 4, what is -22 + -11?
-33
In base 4, what is -10 - -331?
321
In base 5, what is -3 - 30143?
-30201
In base 9, what is 370 + 13?
383
In base 15, what is -15 - 29c?
-2b2
In base 16, what is 126 - 7?
11f
In base 15, what is 4 + 2?
6
In base 6, what is 10 - -31352?
31402
In base 10, what is 5049 - 2?
5047
In base 14, what is -6 + -36?
-3c
In base 16, what is 34f + 4?
353
In base 2, what is 1010011 + 11?
1010110
In base 6, what is -100 - 4?
-104
In base 15, what is c67 + -3?
c64
In base 3, what is -2120212 + 2?
-2120210
In base 8, what is -4 + 1017?
1013
In base 5, what is -22 + 131?
104
In base 14, what is -57 + -a?
-63
In base 7, what is -11544 - -5?
-11536
In base 4, what is 11222 - 3?
11213
In base 16, what is 166 - -b?
171
In base 11, what is -23 - -69?
46
In base 16, what is -1 - -1a9?
1a8
In base 10, what is 43 - -5?
48
In base 15, what is 5 + -16?
-11
In base 12, what is -308 - -2?
-306
In base 13, what is 1 + 189?
18a
In base 16, what is 0 + 108?
108
In base 13, what is -6 - 56?
-5c
In base 6, what is -5 - 411?
-420
In base 5, what is -3043 - 1?
-3044
In base 6, what is 0 + -354?
-354
In base 4, what is 11 - 112231?
-112220
In base 8, what is 74421 - 0?
74421
In base 11, what is -1 + -20?
-21
In base 4, what is -1033 - -333?
-100
In base 3, what is 1 + 1001?
1002
In base 11, what is -18 + -108?
-125
In base 2, what is 1110101100010 - -10?
1110101100100
In base 2, what is 1001 + 11001?
100010
In base 7, what is -5 - -3106?
3101
In base 13, what is -8 + -13?
-1b
In base 5, what is 4 - 23014?
-23010
In base 11, what is 46 + -258?
-212
In base 12, what is -2 - -a?
8
In base 4, what is -311 - -103?
-202
In base 6, what is 31135 - -5?
31144
In base 6, what is -2 + 253?
251
In base 13, what is 273 + 1c?
292
In base 4, what is -1200 - 133?
-1333
In base 13, what is 3 + -115?
-112
In base 6, what is -4 + 3535?
3531
In base 2, what is -1010 - 1101110010?
-1101111100
In base 16, what is 402 - -3?
405
In base 13, what is -211a - -2?
-2118
In base 15, what is -8 + 54a?
542
In base 6, what is 0 + -312?
-312
In base 5, what is -11 + -10?
-21
In base 6, what is -55 + -552?
-1051
In base 16, what is -2 - 5f?
-61
In base 16, what is 23c + -b?
231
In base 15, what is 2d5 + -1?
2d4
In base 10, what is -486 + 5?
-481
In base 3, what is -222212021 + 1?
-222212020
In base 15, what is 0 + 51?
51
In base 12, what is -3 - 37?
-3a
In base 14, what is -6 - 22?
-28
In base 11, what is 11 - -8?
19
In base 3, what is -10001 + 1?
-10000
In base 13, what is 4 + 2918?
291c
In base 13, what is 0 + -c65?
-c65
In base 7, what is -22620 + 0?
-22620
In base 14, what is 5 + -2015?
-2010
In base 11, what is -43 - 3?
-46
In base 2, what is -10 - 10010000?
-10010010
In base 13, what is c6 + 1?
c7
In base 7, what is 14 + -504?
-460
In base 4, what is -31 + -10?
-101
In base 15, what is 8 + 2?
a
In base 4, what is -12 - -2?
-10
In base 11, what is 196 - 5?
191
In base 5, what is -2 + 213042?
213040
In base 3, what is -100 + 22?
-1
In base 10, what is -1718 - 2?
-1720
In base 8, what is -516 - 5?
-523
In base 6, what is -1 - -4?
3
In base 9, what is -8248 + 2?
-8246
In base 14, what is 4 - 104?
-100
In base 13, what is 1 - 18?
-17
In base 4, what is 0 + 323232?
323232
In base 2, what is 10000110 - -11?
10001001
In base 3, what is -12 + 22121?
22102
In base 6, what is -232412 + -3?
-232415
In base 10, what is 0 + -193?
-193
In base 12, what is -3 + -7a3?
-7a6
In base 2, what is -111100 + -1001?
-1000101
In base 14, what is -9a + -5?
-a1
In base 14, what is -82d + 3?
-82a
In base 7, what is 0 + -1165?
-1165
In base 12, what is 98 + -4?
94
In base 4, what is 110 - 1013?
-303
In base 11, what is 3 - -24?
27
In base 16, what is -f - 8?
-17
In base 3, what is 12 - -121211?
122000
In base 2, what is -110 + -1001111?
-1010101
In base 12, what is -8 + 62?
56
In base 3, what is 12 - -222112?
222201
In base 16, what is -1 + -3a4?
-3a5
In base 12, what is 2 + 3b?
41
In base 6, what is 20 + -2150?
-2130
In base 11, what is 0 + 10?
10
In base 16, what is 26 + 2b?
51
In base 2, what is 0 - 10001?
-10001
In base 3, what is 110 - 1000?
-120
In base 6, what is -34 + -144?
-222
In base 12, what is 60 - 42?
1a
In base 6, what is -3115 - -2?
-3113
In base 14, what is -11d0 - -3?
-11cb
In base 16, what is 83 + 30?
b3
In base 12, what is 3 + 193?
196
In base 8, what is -473 + 1?
-472
In base 4, what is 1033 - -1?
1100
In base 10, what is 496 + 41?
537
In base 15, what is 6 - 20d?
-207
In base 14, what is -4 + -61?
-65
In base 10, what is 8 - -8?
16
In base 12, what is 2 - -a9?
ab
In base 15, what is -37 + -d?
-45
In base 9, what is -375 + -1?
-376
In base 16, what is -58 + -5?
-5d
In base 14, what is dc - -4?
102
In base 2, what is 10011100 + -101?
10010111
In base 14, what is -25 + 1a?
-9
In base 8, what is -14 - -11?
-3
In base 13, what is 9a + -4?
96
In base 3, what is -1111 - -10100?
1212
In base 7, what is 4 + 223?
230
In base 9, what is 10018 + -2?
10016
In base 5, what is 2 - -23003?
23010
In base 15, what is 6a + d6?
151
In base 13, what is 8 + -104?
-c9
In base 8, what is -467 - 3?
-472
In base 3, what is 11 - 2?
2
In base 10, what is 28 - 5?
23
In base 13, what is 75 + 7?
7c
In base 12, what is -5 + -4b?
-54
In base 11, what is -55 - 5?
-5a
In base 9, what is 3 - -423?
426
In base 8, what is 44 - -67?
133
In base 10, what is 400 + -1?
399
In base 14, what is 71d - 5?
718
In base 4, what is 31 - 21012?
-20321
In base 4, what is -10230 + 3?
-10221
In base 13, what is 13 - -11b?
131
In base 9, what is 16 - -1637?
1654
In base 3, what is 100 - 1022?
-222
In base 5, what is -3 + -222?
-230
In base 4, what is 3 - 330?
-321
In base 15, what is -112 + -5?
-117
In base 9, what is 7 - -6?
14
In base 4, what is -1 + 113010?
113003
In base 4, what is -2 + -11?
-13
In base 9, what is -5 - 2224?
-2230
In base 16, what is -13b - 1?
-13c
In base 3, what is 12 + -100221?
-100202
In base 9, what is 15505 + -3?
15502
In base 7, what is 10 + 4124?
4134
In base 8, what is 2 - 33?
-31
In base 12, what is -545 - -3?
-542
In base 8, what is -3 - -170?
165
In base 14, what is 10 - -4c?
5c
In base 2, what is -11 - -110111?
110100
In base 13, what is -8 - 1c?
-27
In base 14, what is -dc3 - 4?
-dc7
In base 3, what is 1012120 - 20?
1012100
In base 12, what is -4743 + -3?
-4746
In bas